. Suppose -1506 = -s*l - 2*z + 4, 0 = 4*l + z - 1205. List the prime factors of l.
2, 3, 5
List the prime factors of 123/369*(0 - -13119).
4373
Suppose 11*u - 18621 - 55343 = 0. List the prime factors of u.
2, 41
Suppose 4*n + 0 - 12 = 0. List the prime factors of 12*18 + 1 + n.
2, 5, 11
What are the prime factors of ((-50049)/(-18) + 9 + 1)*6?
3, 5581
Let s = -67 + 64. Let y(w) = 73*w**2 - 6*w - 1. What are the prime factors of y(s)?
2, 337
Suppose -243885 = -16*a + 3091. Suppose 0 = -23*c + 6*c + a. List the prime factors of c.
2, 227
List the prime factors of (60/27 - 2) + 1693*144/81.
2, 5, 7, 43
Suppose 20*r = 7*r + 39. Let j = r + 0. What are the prime factors of (2735/10 + -5)*2/j?
179
Let j be ((-1)/3)/((-1)/423). Let b = j - 63. Suppose -a = -2*p + 14 + 67, 4*a = 2*p - b. List the prime factors of p.
41
Let l = 39299 + -26680. What are the prime factors of l?
12619
Let k be 6/(-2) - 65/(-13). Suppose 4*d = 5*q, 2*d = k*q - 2*d. Suppose q = -8*r + 10*r - 188. What are the prime factors of r?
2, 47
Let q be (-6*(-2)/4)/1. Let g be 53*(q/(-9) + 8/6). List the prime factors of (-4)/(-8)*6 + g + -2.
2, 3
Let m be (-23)/4 + (-5)/20. Let c = m - -10. Suppose c*t - 128 = 132. List the prime factors of t.
5, 13
List the prime factors of (-3)/10 - 29624815/(-5050).
2, 7, 419
Suppose -5*d - 12784 = -u - 0*d, -38316 = -3*u - 3*d. What are the prime factors of u?
2, 3, 2129
Let m be -3*2/(-3) + 0 + 1. Suppose 107 = m*q + 5*z, 4*q - 3*z + 43 = 234. Suppose 3*y - q - 91 = 0. List the prime factors of y.
3, 5
Let w(z) = 3*z**3 + 4*z**2 + 10*z - 1. Let a(m) = m**3. Let u(y) = -2*a(y) + w(y). What are the prime factors of u(5)?
2, 137
Let b = -391 + 1055. Let d = b - 367. What are the prime factors of d?
3, 11
Let z be (21/(-4))/1 - 3/(-12). Let d(o) be the second derivative of -o**5/20 + 5*o**4/12 - 2*o**2 + 13*o. List the prime factors of d(z).
2, 3, 41
Let w(h) = 2*h**2 - h - 10. Let k be w(6). Suppose -2*s = 3*q - 19, s + 2 = q - 1. Suppose q*l - k = l. List the prime factors of l.
2, 7
Suppose d + 1655 = -3*h, 3*d - 776 = 2*h + 342. Let g = h + 1157. List the prime factors of g.
2, 151
Let v(z) = -543*z + 90. Let q be v(11). List the prime factors of q/(-11) - (-62)/341.
5, 107
Suppose 0 = d - 5*q - 23, d + 0*q = 3*q + 27. Suppose -d*w + 34*w = 88. List the prime factors of w.
2, 11
Suppose 112 = 4*i + 2*n, -4*i + 5*n = -123 - 3. Let f = i - -279. List the prime factors of (-5)/(-25) + f/10.
31
Let s = 48902 - 21462. What are the prime factors of s?
2, 5, 7
Let k be (-376)/(-40) + (-2)/5. Let t be (-8)/(24/k) + 19. Suppose 4*w = 3*d + 57, -w - 2*d = -d - t. List the prime factors of w.
3, 5
Let o(q) = -58*q + 23*q - 27*q + 484 - 518. List the prime factors of o(-6).
2, 13
Suppose 0 = 2*o + 4*r + 106, 115*o - 120*o + 5*r = 295. Let s be -2 + (95 - -1*2). Let x = o + s. List the prime factors of x.
2, 19
Let s(f) be the first derivative of -f**3/3 + 15*f**2 - 27*f - 1. What are the prime factors of s(19)?
2, 7, 13
Let s be 633/33 + ((-27)/(-33) - 1). Let b be (-5)/(-2)*494/s. List the prime factors of b/2*3/(45/12).
2, 13
Suppose t + x = 5867, 97*x - 101*x + 4 = 0. List the prime factors of t.
2, 7, 419
Suppose -2*s + 3246 = 4*y, y - 12*s - 815 = -9*s. Suppose -23*a + 16*a = y. Let x = a + 173. List the prime factors of x.
3, 19
Let p = 8949 - -7040. Let f = -10688 + p. What are the prime factors of f/36 - (-1)/(-4)?
3, 7
Suppose 2*d - 7*d = -2*d - 135666. What are the prime factors of d?
2, 3, 7537
Let z = 108112 + -61769. List the prime factors of z.
11, 383
Let n be (147/(-9) + -1)*(-114)/76. Let v(d) = -16*d**3 + d + 1. Let z be v(-1). Let p = n + z. List the prime factors of p.
2, 3, 7
Suppose 2*f + 0*f = 3*f. Suppose f = -6*p + 19 + 53. Let c = -9 + p. What are the prime factors of c?
3
Suppose 38*h - 37*h - 4647 = -3*z, z - 18588 = -4*h. List the prime factors of h.
3, 1549
Let o = 779 - 779. Suppose 26*t - 28*t + 3104 = o. List the prime factors of t.
2, 97
Let f(i) = 2450*i**2 + 4*i + 27. List the prime factors of f(-2).
3, 1091
Let m = -18 - -21. Suppose -m*z + 70 = -80. Let k = -21 + z. List the prime factors of k.
29
Let h = 32 + -30. Let m(w) = -103*w**2 + 3*w - 4*w**3 + 2 + w + 102*w**h. What are the prime factors of m(-2)?
2, 11
Suppose -2625 = -8*d + 415. Suppose -22724 = -d*k + 367*k. List the prime factors of k.
2, 19, 23
Suppose -x = -n + 43, 0*n + 43 = -x - 3*n. Let w = x - -67. Let r = w - -23. List the prime factors of r.
47
Let y(r) = 3*r**2 + 9*r - 3. Let h(a) = 2*a**2 - 29*a + 10. Let x be h(14). Let n be y(x). Suppose -5*s = -n*s + 752. What are the prime factors of s?
2, 47
Let x(m) = m**2 + 3*m - 8. Let d be x(-5). Let a be (2 + -4)/d + 1. Suppose a = 6*w - 10*w + 396. List the prime factors of w.
3, 11
Suppose -3*r + 15*r = -3*r. Suppose r = 16*l - 28*l + 780. List the prime factors of l.
5, 13
List the prime factors of 62/(-9 + 13724/1524).
3, 31, 127
Let i(w) = 5*w**2 - 3*w + 20. Let b be (-11)/(-22) + (-57)/(-6). List the prime factors of i(b).
2, 5, 7
What are the prime factors of (18264690/57)/30 - (-2)/(-19)?
11, 971
Suppose 0 = -64*m + 67*m + 1407. Let v = 1037 + m. What are the prime factors of 1/(140/v*-4 - -1)?
71
Let q = -14434 + 38425. List the prime factors of q.
3, 11, 727
What are the prime factors of (-2731)/(-2)*(6 + -8)*-1?
2731
Let d be 12/(-9*3/(-18)). Suppose 9795 = -3*b + d*b + 5*u, -b = -2*u - 1971. What are the prime factors of b?
13, 151
Let t be 1 - (12/4 + 1). Let s be (-532)/(-7 - t) + 3. Suppose 0*o = -5*o - 5*g + 220, 3*o - g = s. What are the prime factors of o?
3, 5
Let w(v) = v**2 - 18*v + 178. Suppose 18*s = -2*s + 380. List the prime factors of w(s).
197
Suppose 0 = -17*c - c + 142830. Suppose -c = -6*x - 417. List the prime factors of x.
7, 179
Let x = -6310 + 18913. List the prime factors of x.
3, 4201
Suppose -h + 1579 + 2759 = -3*n, 17378 = 4*h + n. What are the prime factors of h?
2, 3, 181
Let o = 3 - 32. Let c = -39 + o. Let d = c - -149. List the prime factors of d.
3
Let n be 2/(-13) + 48/(-26). Let h be 16549/95 - n/(-10). List the prime factors of (-4 + h/(-15))*-5.
2, 3, 13
Suppose 2*j - 9 = j - l, -3*l - 15 = -3*j. Suppose -299 = -s + x, -x = -j*s + 4*s + 895. List the prime factors of s.
2, 149
Suppose 35079 = 3*l + 2*x, 4*l - 4*x + 7*x - 46774 = 0. What are the prime factors of l?
11689
Suppose 1 = -w + 3, i = -2*w + 2. What are the prime factors of (i + (-318)/18)*-6?
2, 59
Let j = -8648 - -13783. What are the prime factors of j?
5, 13, 79
Let k(w) = 4*w**2 - 4*w - 4. Let l be k(-2). Let g be l/2*(-1)/(-1). List the prime factors of ((-105)/g + -1)*-2.
23
Suppose 6*z = z + 20. Suppose -a + 492 = 5*u - 45, -z*u = -4*a - 444. Suppose -3*h = -2*j - 0*h + 62, 3*h = -3*j + u. What are the prime factors of j?
2, 17
Let w(d) = -24*d - 90. Suppose 6*r = -0*r - 120. List the prime factors of w(r).
2, 3, 5, 13
Suppose 4*c - 3*d - 82 = 0, -c + 5*d = -0*d - 12. Let b = -24 + c. List the prime factors of (-5)/b + -2 - (-73)/2.
37
Let h = -1298 + 1986. Let d = h - 514. What are the prime factors of d?
2, 3, 29
Suppose -9 = -d - 5. Let l be ((-2)/d)/((-8)/80). Suppose -2*p + 3*j = 5, l*j = -4 + 29. List the prime factors of p.
5
Let i = -65 + 62. Let s be -3 - 18 - (2 - (i - -3)). Let j = s - -52. List the prime factors of j.
29
Let n = -4963 + 12296. What are the prime factors of n?
7333
Suppose -6*p = -153 - 369. Let l = p - 62. Let s(i) = i**2 - 22*i - 12. List the prime factors of s(l).
3, 7
Suppose 5*w - 30022 = -85*y + 87*y, -2*w - 2*y = -12020. List the prime factors of w.
2, 3, 7, 11, 13
Suppose -2*x + 10 = -5*m, -2*m + 3*x - 15 = m. Suppose m = 4*b - 27*b + 30958. What are the prime factors of b?
2, 673
Let v = -2323 + 5346. List the prime factors of v.
3023
Suppose -1 = 5*c - 16. Suppose -4*x = c*j + 3, -j = 3*x + 2*j + 3. Suppose x = -18*k + 21*k - 117. List the prime factors of k.
3, 13
What are the prime factors of (-8463)/(-14)*644/6?
7, 13, 23, 31
Suppose 0 = -f - 936 + 5407. What are the prime factors of f?
17, 263
Suppose 11*h - 8*h - 8049 = -2*u, 3*h - 6*u = 8073. What are the prime factors of h?
3, 5, 179
Let c = -6522 + 4402. Let i be 3/((4/c)/(4/(-12))). Suppose 4*x + 106 = i. List the prime factors of x.
2, 53
Let q(l) = 33*l - 118. Let s be q(11). Let a = 25